3 + 24*f**2 + 5632*f + 25. What is p(-64)?
25
Let k(p) = 2985*p + 50762. Calculate k(-17).
17
Let x(d) = 359*d + 1805. Calculate x(-5).
10
Let z(n) = n**3 - 57*n**2 - 21625*n + 15499. What is z(178)?
13
Let c(g) = -g**3 + 15*g**2 + 278*g - 1014. What is c(-13)?
104
Let z(h) = 4*h**3 - 41*h**2 - 644*h + 17. Calculate z(-9).
-424
Let d(y) = 427*y**3 - 5549*y**2 + 2*y - 342. Determine d(13).
22
Let v(i) = -i**3 + 9*i**2 - 46*i + 356. Calculate v(14).
-1268
Let k(m) = 16*m**3 - 9*m**2 - 36*m + 7. Calculate k(-2).
-85
Let y(r) = 5*r**2 - 275*r - 113. Calculate y(57).
457
Let v(f) = 431*f + 9369. Determine v(-22).
-113
Let m(c) = 865*c + 110696. What is m(-128)?
-24
Let l(o) = -4*o**3 - 2108*o**2 + 1357*o + 752. Give l(1).
-3
Let a(j) = -2650*j - 63438. Give a(-24).
162
Let v(p) = -125979*p - 1133792. Give v(-9).
19
Let p(a) = 27690*a + 553791. What is p(-20)?
-9
Let u(i) = 3*i**2 - 2120*i + 13. Calculate u(0).
13
Let m(h) = -h**3 - 15*h**2 + 19946*h + 259638. What is m(-13)?
2
Let v(k) = -k**3 + 1085*k**2 - 4995*k + 725349. What is v(1081)?
-2
Let b(o) = 266065*o - 6917678. Give b(26).
12
Let v(m) = -111024*m + 5107108. What is v(46)?
4
Let d(h) = h**3 - 9*h**2 - 91*h + 214. Determine d(15).
199
Let a(x) = -x**3 + 105*x**2 - 282*x + 7476. Give a(103).
-352
Let b(h) = 2*h**3 + 23*h**2 + 21*h + 176. Determine b(-14).
-1098
Let n(b) = 23387*b - 912265. Give n(39).
-172
Let a(h) = 104*h + 11325. What is a(-110)?
-115
Let j(h) = 893973*h**2 + 10727677*h + 15. Determine j(-12).
3
Let r(k) = -k**3 + 4*k**2 + 538*k - 335. Determine r(25).
-10
Let c(l) = 481*l - 101883. Determine c(211).
-392
Let y(d) = -2*d**3 - 136*d**2 - 136*d - 912. Calculate y(-67).
-778
Let b(p) = -27188*p + 842827. Determine b(31).
-1
Let l(j) = 37*j**2 - 1769*j - 5631. Calculate l(-3).
9
Let f(m) = 3*m**2 - 838*m + 57386. Determine f(120).
26
Let a(r) = 10*r**2 + 741*r + 12471. Calculate a(-47).
-266
Let t(m) = 32544*m - 99265. Give t(3).
-1633
Let t(r) = 30*r - 769. Calculate t(36).
311
Let g(q) = -7*q**2 + 5654*q - 20819. Determine g(804).
85
Let d(a) = -a**3 + 22*a**2 - 211*a + 2087. Determine d(17).
-55
Let l(w) = -8859*w + 797244. Calculate l(90).
-66
Let z(f) = -25650*f - 51295. Determine z(-2).
5
Let d(r) = -563*r - 560. Determine d(0).
-560
Let p(v) = -48685*v - 389278. What is p(-8)?
202
Let z(a) = 1403*a - 20651. What is z(14)?
-1009
Let l(j) = -2*j**2 - j + 203. Give l(-41).
-3118
Let f(i) = 524*i + 83827. Determine f(-160).
-13
Let s(y) = 11*y**2 - 5714*y - 100256. Determine s(-17).
61
Let h(x) = -2802*x - 179350. What is h(-64)?
-22
Let d(b) = 2*b**3 + 523*b**2 - 248*b + 4114. Give d(-262).
446
Let q(y) = 32*y**3 + 6*y**2 - 23*y + 13. Calculate q(3).
862
Let f(l) = 9369*l + 9712. Give f(-1).
343
Let q(u) = -3*u**3 + 63*u**2 - 206*u + 31. Determine q(17).
-3
Let x(j) = -12*j**3 + 306*j**2 - 994*j + 1554. Determine x(22).
14
Let r(v) = -80*v - 2695. Give r(-37).
265
Let o(n) = 75618*n + 4537073. Calculate o(-60).
-7
Let s(h) = -1719*h + 720363. Determine s(419).
102
Let n(j) = -824*j + 12006. Calculate n(15).
-354
Let x(c) = 5*c**3 - 203*c**2 - 99*c + 360. What is x(41)?
-337
Let u(j) = 27270*j - 354517. What is u(13)?
-7
Let w(k) = 343*k - 1649. Determine w(6).
409
Let q(z) = -352*z + 54908. Give q(156).
-4
Let u(r) = -r**3 - 3316*r**2 + 6656*r - 50. Calculate u(2).
-10
Let o(z) = 33*z**3 + 84*z**2 - 163*z + 78. Calculate o(1).
32
Let n(h) = 3*h**3 + 51*h**2 - 314*h + 356. Give n(-22).
4
Let t(u) = u**3 + 80*u**2 + 7285*u + 382470. What is t(-62)?
-8
Let z(l) = -2*l**3 + 1348*l**2 - 8*l + 5414. Calculate z(674).
22
Let d(j) = -819*j - 4861. What is d(-6)?
53
Let h(i) = -80397*i + 2733557. Determine h(34).
59
Let o(w) = -103145*w + 928401. What is o(9)?
96
Let s(x) = 10*x**3 + 317*x**2 + 620*x - 22. What is s(-2)?
-74
Let j(r) = 14*r**2 - 92*r - 33. Determine j(7).
9
Let q(d) = 3*d**3 - 864*d**2 + 653*d + 59690. What is q(287)?
-6
Let f(g) = 22830*g + 1392672. Give f(-61).
42
Let y(p) = -205365*p - 1232184. Calculate y(-6).
6
Let v(g) = 44053*g + 1409607. What is v(-32)?
-89
Let l(v) = v**3 + 473*v**2 + 25833*v + 200. Calculate l(-63).
11
Let r(z) = -27225*z - 789546. Give r(-29).
-21
Let q(c) = -c**3 + 297*c**2 + 2911*c - 778734. Calculate q(298).
-60
Let t(v) = -24269*v + 48311. Give t(2).
-227
Let t(d) = 16752*d - 117341. What is t(7)?
-77
Let x(v) = 2*v**2 + 472*v - 4072. Give x(9).
338
Let l(j) = -j**2 + 20647*j + 433997. Determine l(-21).
-31
Let i(p) = -3*p**2 + 2879*p + 354162. Determine i(1070).
-8
Let p(k) = -9*k**3 + 111*k**2 - 42*k + 77. Calculate p(12).
5
Let o(s) = -16*s**2 + 206*s - 730. Determine o(7).
-72
Let t(j) = -260*j - 17570. Determine t(-74).
1670
Let q(p) = 36449*p - 765420. Give q(21).
9
Let f(a) = 26*a**2 + 3064*a - 12284. Calculate f(4).
388
Let g(s) = -2*s**2 - 19737*s + 852380. Give g(43).
-9
Let f(h) = 272*h + 23588. Determine f(-87).
-76
Let v(j) = 6700*j - 302394. What is v(45)?
-894
Let k(v) = 15*v - 1674. Calculate k(132).
306
Let q(j) = j**3 - 35*j**2 + 183*j - 73. Calculate q(6).
-19
Let m(g) = 51*g**2 + 6369*g - 12740. Calculate m(2).
202
Let d(z) = 14350*z + 1865506. Give d(-130).
6
Let p(g) = 18581*g + 2229693. What is p(-120)?
-27
Let c(j) = 82*j**3 + 655*j**2 + 11*j + 219. What is c(-8)?
67
Let b(m) = 461609*m - 60932394. What is b(132)?
-6
Let g(k) = -2684*k - 34884. Calculate g(-13).
8
Let i(m) = 3499*m**2 + 55968*m - 250. Determine i(-16).
6
Let i(n) = -n**2 + 477*n - 27146. Calculate i(66).
-20
Let m(l) = -l**2 - 118*l - 747. Calculate m(-9).
234
Let y(a) = 7879*a - 86925. Determine y(11).
-256
Let b(q) = 13*q**3 + q**2 + 21*q + 298. What is b(0)?
298
Let n(o) = 8654*o - 147127. Give n(17).
-9
Let k(p) = p**3 - 12*p**2 + 12*p - 430. What is k(14)?
130
Let r(u) = u**3 - 281*u**2 + 25*u - 7064. Give r(281).
-39
Let a(x) = 51089*x - 1175053. Give a(23).
-6
Let u(o) = 12*o**2 - 2399*o + 105992. Give u(134).
-2
Let i(d) = 9*d**2 - 251*d - 299. What is i(29)?
-9
Let d(q) = -10055*q - 593242. What is d(-59)?
3
Let g(d) = 11038*d**2 + 540887*d + 1226. Give g(-49).
1
Let q(p) = 3797*p - 30182. Calculate q(8).
194
Let i(l) = -19*l**3 + 3*l**2 - 1364*l + 1362. Give i(1).
-18
Let y(d) = d**2 - 2663*d - 75349. Determine y(-28).
-1
Let s(o) = 288690*o - 30601143. Give s(106).
-3
Let h(t) = -35*t**2 - 151*t + 2861. Determine h(7).
89
Let x(d) = -507710*d + 3553943. What is x(7)?
-27
Let h(r) = -2281*r + 45586. Give h(20).
-34
Let r(q) = 294*q**3 - 9992*q**2 - 132*q - 142. Determine r(34).
-6
Let q(h) = -3*h**3 - 115*h**2 + 35*h - 507. Determine q(-39).
1170
Let h(p) = -135*p**3 - 23*p**2 + 3405*p - 3383. What is h(1)?
-136
Let d(u) = -u**2 - 2674*u - 34619. What is d(-13)?
-26
Let b(d) = d**2 - 3170295*d + 15851450. Give b(5).
0
Let j(d) = 35420*d + 70837. Give j(-2).
-3
Let b(m) = 4*m**3 + 47*m**2 - 122*m - 735. Calculate b(-13).
6
Let y(x) = -x**3 - 506*x**2 + 6778*x - 508. Determine y(13).
-105
Let x(z) = -766813*z + 13035817. Calculate x(17).
-4
Let s(c) = -c**3 + 1922*c + 7. Give s(0).
7
Let g(p) = -487*p - 6015. Calculate g(-14).
803
Let i(s) = 4656*s - 18453. What is i(4)?
171
Let n(g) = 1649*g + 116218. Give n(-71).
-861
Let l(k) = 969*k**3 + 6778*k**2 - 43*k - 50. Calculate l(-7).
6
Let h(j) = 15*j**3 + 229*j**2 + 5*j - 851. Calculate h(-15).
-26
Let y(h) = 83994*h + 84107. Calculate y(-1).
113
Let t(i) = -290944*i - 872835. Determine t(-3).
-3
Let s(l) = -l**3 + 298*l**2 + 603*l - 972. Calculate s(300).
-72
Let v(c) = -9446*c + 566725. Determine v(60).
-35
Let z(i) = 55813*i - 223245. Calculate z(4).
7
Let u(i) = 3221*i + 52014. Calculate u(-16).
478
Let n(s) = -312*s**2 + 60*s + 52. Give n(-1).
-320
Let c(y) = 74*y**2 + 1936*y + 5803. Determine c(-3).
661
Let d(l) = -l**3 - 14*l**2 + 51*l + 921. Determine d(-9).
57
Let h(v) = -490*v + 33854. Give h(68).
534
Let o(l) = -593*l - 52005. Determine o(-98).
6109
Let p(n) = -620169*n + 9922706. Calculate p(16).
2
Let o(j) = 274606*j - 3844564. What is o(14)?
-80
Let l(i) = 3244*i - 1388377. Calculate l(428).
55
Let q(i) = 1878*i + 310117. Give q(-165).
247
Let z(o) = o**2 - 177465*o - 3727219. Determine z(-21).
-13
Let a(c) = -8*c**3 + 69*c**2 - 191*c + 7. Calculate a(5).
-223
Let p(g) = -2*g**3 + 74*g**2 + 739*g + 375. Determine p(45).
1230
Let s(w) = 181375*w - 11. Give s(0).
-11
